230. Let y(j) = -3*j - 3*j + j**3 - 574 + 574 + 6*j**u. Determine y(-7).
-7
Let r(o) = -3*o**3 + 24*o**2 - 59*o + 120. Let a(w) = -w**3 + 9*w**2 - 21*w + 40. Let f(m) = -8*a(m) + 3*r(m). What is f(3)?
-14
Let m(u) = -2*u**2 + 31*u - 30. Suppose -32*v + 5*f + 31 = -28*v, -4*v + 11 = -9*f. Calculate m(v).
12
Let k(a) = 11*a**2 + 10*a - 45. Let n(c) = 27*c**2 + 18*c - 91. Let y(l) = -5*k(l) + 2*n(l). Determine y(-19).
-52
Let k(z) = z**3 - 7*z**2 + 13*z. Let u be k(4). Let j(n) = 5*n + 13. Let b(i) = 4*i + 11. Let s(o) = u*b(o) - 3*j(o). Give s(-3).
2
Suppose -5*z - 24 = 2*t, -10*t - 4 = -14*t + 3*z. Let m be (-18)/((16/12 + t)*-3). Let k(a) = -a**2 - 8*a + 5. Determine k(m).
-4
Let w = -179 - -34. Let p = w + 146. Let a(r) = 3*r. What is a(p)?
3
Let b(s) be the second derivative of s**6/360 - 3*s**5/40 + s**4/12 + 59*s**3/6 + 5*s - 3. Let c(w) be the second derivative of b(w). What is c(9)?
2
Let s = -32 - -39. Suppose -s*d - 22 = -57. Suppose 8*a = d*a - 21. Let w(z) = z**2 + 6*z - 3. Give w(a).
4
Let b = 27 - 29. Let y(g) = -g - 6. Let i(k) = -7. Let w(c) = -3*i(c) + 4*y(c). Let o(v) = v**3 + v**2 + 11*v + 8. Let f(u) = -3*o(u) - 8*w(u). Calculate f(b).
14
Let m(y) = -9 + 11 + 729*y - y**2 - 729*y. Let l(q) = -q + 2. Let v be l(7). Let h(d) = 2*d + 8. Let j be h(v). Calculate m(j).
-2
Let y(b) = -b**3 - 33*b**2 + 37*b + 106. Let h = 4622 - 4656. Give y(h).
4
Let r(g) = 2 - 2 + 1 - g - 2. Let s be r(5). Let y(b) = -6*b**2 - 3 + 7 - 67*b**3 + 0*b**2 + 66*b**3. Give y(s).
4
Suppose 0 = -2*s - 9*s - 1331. Let q = 117 + s. Let b(n) = n**2 + 2*n - 5. What is b(q)?
3
Let o(d) be the first derivative of -2*d**3/3 - 31*d**2 - 121*d - 2891. Give o(-29).
-5
Let x(d) = d**2 - 7*d - 10. Let k be (-18)/1*15/(-12)*2. Suppose -37*h - k = -42*h. Calculate x(h).
8
Suppose 15 = -2*x + 3*u, 0*u = 2*x - 4*u + 18. Let y be ((-25)/(225/54))/(4/(-2)). Let k(l) = 1 + 0 + y*l + 2. Calculate k(x).
-6
Suppose 0*j - 3*j = 21. Let x(h) = 1 + 760*h - 767*h + 0 - 3*h**2 + 2*h**2. Calculate x(j).
1
Let f be 714/272*960/(-420). Let o(a) be the third derivative of -a**4/4 + a**3 + a**2. Calculate o(f).
42
Suppose -5*w = -3*m - 0*m + 16, 0 = -m - 2*w - 2. Let g(p) = -45*p - 2 + 3 + 44*p - 2*p**m. Suppose -3*j - 8 = j. Calculate g(j).
-5
Let o(b) be the third derivative of 3/10*b**5 + 6*b**2 + 0*b + 18 - 19/24*b**4 + 1/3*b**3 + 1/120*b**6. Give o(-19).
2
Let j(p) = p**2 - 1. Let w(o) = 3*o**2 - 25*o + 21. Let r(m) = j(m) - w(m). Calculate r(10).
28
Let z(r) be the third derivative of r**6/120 - 11*r**5/60 - r**4/8 - 2*r**3/3 - 37*r**2 + 9. What is z(11)?
-37
Suppose -6*t + 2*t + 44 = 0. Suppose 242 = t*h - 649. Let f(s) = s**2 - 3 - 169*s + 85*s + h*s - 5. Calculate f(6).
10
Let x(n) be the third derivative of n**5/12 + n**4/12 + n**3/6 - 35*n**2 + n. Let u = 12 - 7. Suppose -u*z - 11 = -4*y, y = 2*y - 2*z - 5. Calculate x(y).
4
Let i(z) be the second derivative of z**6/72 + z**5/120 - z**4/12 + 4*z**3/3 - z**2/2 - 33*z. Let h(x) be the second derivative of i(x). Determine h(-2).
16
Let v be (-1 + 0)/((-1)/(-19)). Let o = v + 23. Let g(n) = 6*n - 7. Let z(j) = -j + 1. Let s(w) = g(w) + 5*z(w). Calculate s(o).
2
Let f(b) = 2*b**2 - b - 3. Let i be (39/13)/(2/2)*(-60)/(-36). Determine f(i).
42
Let q(o) = o**2 + 10*o + 10. Suppose -82 = 2*r - v - v, -2*r - 47 = 5*v. Let k = 36 + r. Suppose k = 2*u - 5*c + 41, 3*c = 5*u - c + 60. Give q(u).
-6
Let d(i) = -45*i + 309. Let k = 6356 + -6349. Give d(k).
-6
Let x(w) = 225*w**3 - 14*w**2 - 38 + 5*w - 224*w**3 + 8*w + 25*w**2. What is x(-9)?
7
Let z(b) = -87*b**2 + 13*b + 116. Let w(d) = -260*d**2 + 38*d + 326. Let j(q) = 5*w(q) - 14*z(q). Give j(-1).
-84
Let a(l) = -9*l - 5 + 3*l**3 + 5*l**2 + 3 - 2 + 6. Let v be 4/2 + -5 - 2. Let t(p) = -5*p**3 - 7*p**2 + 14*p - 3. Let j(q) = v*t(q) - 8*a(q). Calculate j(4).
-9
Let y = -302 + 298. Let i(l) = l + 10. Let m be i(y). Let u(r) = r**3 - 6*r**2 - r - 3. What is u(m)?
-9
Let l(c) = 7790735 - c - 7790731 + 2*c. Let y(t) = t + 1. Let r be y(-6). Determine l(r).
-1
Suppose -36 = -3*x - x. Let q = x - 14. Let m(p) = -6*p + 128*p**2 + 10*p**2 - 7 - 139*p**2. Determine m(q).
-2
Let w(v) = 3*v + 1. Suppose -m = -30 - 23. Suppose -4*y + 5*f = -2*y + 130, 3*y + 161 = -f. Let p = y + m. What is w(p)?
-5
Let t(a) = -a + 10. Let r(x) = -5*x - 65. Let z be r(-9). Let c = 25 + z. Suppose v - c*v + 25 = y, v = -5*y - 8. Give t(v).
3
Let m = 149 - 265. Let x = -111 - m. Let o(w) = -w**3 + 6*w**2 - 2*w. Calculate o(x).
15
Let g = 1 - -1. Let y(k) = -4*k**2 + k**2 - 1 + 2*k**g + 6*k. Suppose 0 = 2*t - 3*u + 77 - 74, -19 = t - 5*u. Give y(t).
-1
Let t(i) = i - 1. Let u(h) = -h**2 - 19*h - 8. Let d be u(-18). Let m be 3 + (1 + 4 - d). Calculate t(m).
-3
Let a = -211 - -437. Suppose -156 = 5*r - a. Let i(j) = -j**3 + r*j - 6 - 8*j - 2*j + 3*j**2. Determine i(4).
-6
Suppose 10*d = -4*l - 14, 58*l + 17 = 61*l + 2*d. Let w(x) = -4*x + 40. Determine w(l).
4
Let j(q) = q + 5 - 4 + 1. Suppose 2412*b = -346*b - 11032. Determine j(b).
-2
Let m(k) = 160*k**3 - 7*k**2 + 156*k**3 + 5 + 6 - k - 469*k**3 + 152*k**3. Determine m(-7).
18
Suppose -2*m = -5*u + 164 - 835, -2*m + 706 = 2*u. Let k(f) = 346*f + 1 - f**2 - m*f + 0*f**2. What is k(-5)?
-14
Let t(h) be the first derivative of h**4/4 - 3*h**3 + 7*h**2/2 + 6*h - 679. Calculate t(6).
-60
Suppose 0 = 184*j + 614 - 2086. Let b(i) = -i**2 + 17*i + 3. Give b(j).
75
Let z be ((8 - 6)/(-5 + 11))/(1/(-3)). Let b(j) = 2*j**2 + 4*j + 2. Give b(z).
0
Suppose 0 = 2*q - 0*q - 10. Let w(d) = -d**2 - 6*d - 4. Let a be w(-2). Let z(t) = t + 6*t**3 - 4*t + 4*t**3 - 5*t**3 - a*t**3 - 5*t**2 + 3. Determine z(q).
-12
Let m(r) = 88*r**2 - 6*r + 1. Let s(a) = 235*a**2 - 17*a + 4. Let p(l) = -8*m(l) + 3*s(l). Calculate p(3).
4
Let x(a) = a**2 - 4*a + 11. Let y be (10/(-16)*-4)/(-5)*2*-5. Determine x(y).
16
Suppose 7 + 6 = -3*z + 5*s, 3*z + 4*s = 32. Let n(w) be the first derivative of 2/3*w**3 - 7/2*w**2 + 4*w - 4. Determine n(z).
8
Let o(q) = 3*q - 11400 - q**3 + 5698 + 5701 - q**2 - 3*q**2. What is o(-3)?
-19
Let s = -14479 - -14465. Let q(d) = d**3 - d + 1. Let x(y) = 3*y**3 - 13*y**2 + 10*y + 4. Let n(k) = 4*q(k) - x(k). Give n(s).
0
Let u(r) be the first derivative of 9*r**2/2 + 16*r - 606. What is u(-3)?
-11
Let x(o) be the second derivative of o**4/12 - o**3/3 - 23*o**2/2 - 1282*o + 1. Let s(l) = -3*l - 12. Let j be s(-6). Calculate x(j).
1
Let u(h) be the third derivative of -1/24*h**4 + 5/2*h**3 + 0 + 35*h**2 + 3*h. What is u(0)?
15
Let y(p) = -2*p + 13. Let j be y(8). Let q(s) = 11*s**2 - 13*s - 13. Let c(u) = 5*u**2 - 4 - 2 - 27*u + 21*u. Let o(r) = -13*c(r) + 6*q(r). Determine o(j).
9
Let b be 9/(-6)*(-6)/(-1). Let m = b - -12. Let w(y) = 5*y**2 - y + 50*y**3 + 2 - 49*y**m + 3*y. Calculate w(-4).
10
Let z(o) = o. Suppose 965*j - 1015*j = 0. Calculate z(j).
0
Suppose -491 = -4*f - 1451. Let g be (0 - -4)*360/f. Let u(d) = 4*d + 4. Let p(x) = x. Let o(b) = -6*p(b) + u(b). Give o(g).
16
Let g(p) = 3*p**3 - 6 + 2*p**3 + 8*p**2 + 5*p - 4*p**3. Let f = 20 + -22. Let t be 4 - 11 - (-6 - f - -4). Give g(t).
8
Let y(r) = 35*r - 136*r + 9 + 48*r + 52*r + 28. Give y(17).
20
Let m(b) = -16*b**2 + b + 7. Let h(c) = -37*c**2 + 3*c + 13. Let r(g) = -3*h(g) + 7*m(g). Give r(-5).
-5
Let z be 11 + 1 - 10/55*66. Let k(s) = -5*s**2 - 5*s - 10. Let y(u) = -u**2 - u - 1. Let h(j) = -k(j) + 6*y(j). What is h(z)?
4
Suppose -t - 10 = -2*v, -10*v - 47 = -15*v - 3*t. Let h(x) = 24*x - 177. Let k be h(v). Let s(m) = -m**3 - 8*m**2 + 8*m - 9. Calculate s(k).
0
Let r(m) be the first derivative of -m**3/3 + 3*m**2/2 - m - 2. Let p be (-54)/(-8) + -1 + 870/3480. What is r(p)?
-19
Let d(y) = -y**3 + 11*y**2 - 9*y - 2. Suppose -2*f + 6*f = -132. Let g = 42 - 65. Let z = g - f. What is d(z)?
8
Let y(n) = 7 - 6*n + n - 2*n**2 + 3*n**2. Let a = 96 + -92. Let w be a + 0 - (-3)/3. Determine y(w).
7
Let u(c) = 28*c**3 + 137*c**2 + 52*c - 53. Let i(n) = -5*n**3 - 24*n**2 - 9*n + 9. Let d(l) = 17*i(l) + 3*u(l). Determine d(3).
3
Let p(x) = 11*x + 6. Let n(m) = -12*m + 66. Let g be n(6). Let o(h) = 12*h + 7. Let f(c) = g*p(c) + 5*o(c). Determine f(-2).
11
Let q(k) be the third derivative of -k**5/60 + k**4/12 + 2*k**3/3 + 57*k**2 - 4*k - 3. Let t be (-31)/3 + 2/6. Let u = t - -15. Determine q(u).
-11
Let s(g) = -4*g + 3. 